pose -25*q + z*q = -192. What is the highest common divisor of q and w?
24
Let i be 8/12 - (-620)/6. Let z = 790 + -629. Suppose 0*t = -3*t + q + z, 2*t = -3*q + 89. Calculate the highest common factor of i and t.
52
Let k = -2409 - -5901. Calculate the highest common factor of 288 and k.
36
Let y(v) = -42*v + 2610. Let w be y(62). Suppose -3*u = -27 - 0. Suppose -3*a + 4 = 2*a - 2*n, -3*n + u = 0. What is the highest common divisor of w and a?
2
Suppose 0 = -w - 2*w + 420. Let b = -22 - -24. Suppose b*m + m + 89 = 4*v, m = 4*v - 83. What is the highest common divisor of w and v?
20
Let y be 10/(-2) - (-9 + 8). Let v(t) = -t**3 - 5*t**2 - 8*t - 1. Let q be v(y). What is the highest common factor of q and 165?
15
Suppose x - 1164 = -m, -5*x + 3480 = -101*m + 104*m. Calculate the highest common divisor of 90 and m.
90
Let u(t) = 2*t**2 - 9*t + 1. Let x be u(0). Let l be 13*(5 + -6 + 3 - x). Calculate the greatest common factor of 715 and l.
13
Suppose 4*c - 2*w + 6*w = 292, 2*c - 140 = w. Let i be 69 - c - (-1 + 1 + -69). Calculate the greatest common factor of i and 603.
67
Let v(w) = -6*w**3 + 14*w**2 - 7*w - 20. Let i be v(-9). Calculate the greatest common divisor of 91 and i.
91
Let d(h) = -h**2 + 23*h - 9. Let n be d(20). Let y(l) = l**3 + 6*l**2 + l + 8. Let i be y(-7). Let r = n + i. Calculate the greatest common divisor of 3 and r.
3
Let s = 9912 + -9883. What is the greatest common factor of s and 464?
29
Suppose 3*s + s + 40 = 2*p, -5*p + 140 = -2*s. Suppose -13*c - 186 = -16*c. Suppose 6*i - c = -2. What is the greatest common factor of p and i?
10
Let t = 194 - 192. Suppose 0*p - 2*p = 5*g - 3229, 0 = -2*g + t*p + 1286. Calculate the greatest common factor of g and 15.
15
Let q be (-5 - -15) + -41 + 142. What is the highest common factor of q and 11544?
111
Suppose -8*q + 2*z = -4*q - 96, -2*z + 4*z = 0. Suppose 3*a + 28 = -0*a - 2*n, -2*a - 22 = -2*n. Let c = 62 - a. What is the greatest common factor of q and c?
24
Let w be 194 + -74 + (1 - -9) - -10. Let z be -3 - (-3 - -2) - -5. Suppose 4*s = 2*o + 118, z*s - 72 = 2*o - 6*o. What is the greatest common factor of w and s?
28
Suppose -47*z + 22166 = -27466. What is the highest common factor of z and 165?
33
Let z be (587 + -588)/(-2*3/570). Let b be 57*2*1/3. Calculate the greatest common divisor of z and b.
19
Let q = -198 - -206. Let d(a) = -a**2 + 11*a - 2. Let t be d(q). Let r = -14 - -36. Calculate the greatest common factor of r and t.
22
Let u(y) = 45*y + 140. Let z be u(-3). Suppose -z*p - 3*n = -1500, -3*n - 1035 = -3*p - 135. Calculate the highest common factor of p and 6.
6
Let m(a) = 6*a**2 - 15*a + 46. Let i be m(3). Suppose 2*l + 3 = 3*x + 5*l, -4*x + 24 = -l. Calculate the greatest common factor of i and x.
5
Let m = -144 + 247. Let w = m - 85. Suppose 108 = -2*t + 4*t. What is the highest common divisor of t and w?
18
Let i(t) = -19*t**2 - 2111*t - 198. Let l be i(-111). Calculate the highest common divisor of l and 348.
12
Let q(i) = -2*i**2 + 3*i + 9*i**3 + 3*i**3 + 2 - 16*i**3. Let f be q(-2). Let s = 234 - 134. What is the highest common divisor of f and s?
20
Let i = 1260 - 980. What is the highest common divisor of 70 and i?
70
Let o be ((-102 - -108)/((-2)/(-4)))/(1/48). What is the highest common divisor of o and 172?
4
Let r be ((-10)/(-2) + 65/(-13))*1. Suppose -21*o + 0*o + 16611 = r. Calculate the greatest common factor of o and 113.
113
Suppose -2*w + 75 = -255. Suppose 0 = 3*o - 33 - w. Let y = 3430 + -3386. Calculate the greatest common factor of o and y.
22
Let p = -22806 + 25656. Calculate the greatest common divisor of 90 and p.
30
Let t be (-114)/(-4)*3570/(-17 - -34). Calculate the greatest common divisor of 456 and t.
57
Suppose 0 = -139*y - 9127 + 30394. Calculate the highest common divisor of y and 315.
9
Suppose 17*y - 180 = 12*y. Let i = y + -28. Suppose 47 = i*j - 73. Calculate the greatest common factor of j and 9.
3
Let p = 971 + -943. Suppose -64 = -4*h + p. Calculate the greatest common divisor of 1863 and h.
23
Let y(k) = -k + 34. Let d(w) = -w**3 + 6*w**2 + 3*w - 12. Let q be d(6). Let n be y(q). What is the greatest common divisor of n and 266?
14
Suppose -11*g = -96 - 91. Suppose g*u = 28*u - 132. What is the highest common factor of u and 18?
6
Suppose -3*l = -3*g - 3984, 2*l + 4*g - 584 - 2084 = 0. What is the greatest common factor of l and 874?
38
Let t(k) = 5*k**2 + 25*k - 192. Let z be t(6). Calculate the highest common divisor of z and 66.
6
Let o = -8031 - -8047. What is the greatest common factor of o and 104?
8
Let x(j) = j**3 - 5*j**2 - 36*j + 5. Let p be x(9). Let h be (-50)/30*(-36)/p. Calculate the greatest common divisor of 75 and h.
3
Suppose -320*i + 10656 = 61*i - 85*i. Let g(p) = p**3 - 6*p**2 - 4*p - 3. Let s be g(7). What is the highest common factor of s and i?
18
Suppose 3*h - 3425 = 5*s, -4*h + 4558 = 148*s - 146*s. What is the greatest common divisor of 120 and h?
60
Suppose d - 792 = -2*x - 146, 5*d - 3*x - 3217 = 0. Suppose 15*f - 11*f - d = 0. Let g be 4/8 - (-90)/4. Calculate the highest common divisor of f and g.
23
Let h(f) = -f**2 + 18*f - 77. Let n be h(10). Suppose 2*s + 2*j - 1102 = -n*s, 5*s - 1099 = j. What is the greatest common factor of s and 60?
20
Let b be (-4)/2*9/2. Let w be (3/b)/(-1*(-1)/(-6)). Suppose w*z + 6*z = 120. Calculate the greatest common factor of z and 20.
5
Let d = -290 + 295. Suppose -d*p = -118 - 882. What is the greatest common divisor of p and 60?
20
Suppose 0 = 10*w - 51*w - 123. Let g(a) = 111*a**2 + 10*a - 9. Let o be g(w). Calculate the highest common factor of o and 15.
15
Let r be (6/(-4))/1 + 6611/22. Suppose -3*z + 5*z - r = -t, 2*t = 2*z - 314. Suppose 6*b = 8*b - z. Calculate the greatest common factor of 114 and b.
38
Let s be (-2446)/(-14) - 30/735*-7. What is the highest common factor of s and 20?
5
Let p = -17290 - -28275. Calculate the greatest common divisor of p and 39.
13
Let t(j) = -j. Let w be 3/((-3)/(-2)*24/(-36)). Let y(m) = -9*m + 9. Let f(c) = w*t(c) + y(c). Let h be f(-9). What is the highest common divisor of h and 7?
7
Let o(b) = b**2 + 4*b + 5. Let d be o(-5). Let f = -29 + 29. Let g(h) = h**2 - 3*h + 4. Let r be g(f). What is the greatest common divisor of d and r?
2
Let r = 63 + -8. Let d = r + -77. Let g = 29 + d. What is the greatest common factor of g and 49?
7
Suppose 2208 = -289*k + 335*k. Suppose 6*s = 2*s + 96. Calculate the highest common factor of k and s.
24
Let m be 19188/9 - (11 + -3). Calculate the greatest common factor of m and 54.
18
Suppose -5*i + 1716 = -2*k, -4*k = 6*i - 10*i + 1380. Let w(v) = 7*v**2 + 4*v - 2. Let d be w(-2). What is the greatest common factor of i and d?
18
Let g be (44/110)/((-2)/(-140)). Calculate the greatest common divisor of 5166 and g.
14
Let z be (-38)/(-171) + (-34)/(-9). Let w be 12 + (z + 8 - 5). What is the greatest common divisor of w and 304?
19
Suppose -21 = -2*n - 3*g + 15, -3*g = n - 21. Let m = 4685 - 4661. What is the highest common factor of m and n?
3
Let h = -20116 - -40164. What is the highest common factor of 112 and h?
112
Suppose -9*o + 206 = -154. Calculate the greatest common divisor of 968 and o.
8
Let c(j) = 51*j - 50. Let t be c(13). Let w = t + -358. What is the highest common factor of w and 153?
51
Suppose -b - 5*s + 1 = 25, 0 = -2*b - s - 3. Let a = -45332 + 45353. What is the greatest common divisor of b and a?
1
Suppose n = -3*b + 33, -2*n + b = 2*n - 145. Let k(a) = 2*a - 6. Let s be k(-6). Let p be s/12 + (-111)/(-2). What is the highest common factor of p and n?
18
Suppose -13*z = 10*z - 2936 - 560. Suppose 2*h = -0*h + 76. Calculate the highest common factor of h and z.
38
Suppose -100*z + 50*z = 67*z - 102375. Calculate the greatest common divisor of 280 and z.
35
Suppose -740 = -4*r - 5*o + 421, 2*o + 612 = 2*r. Suppose 6 = -5*w - f + 462, 2*f + 100 = w. What is the highest common divisor of r and w?
23
Let m = -11273 + 11369. Calculate the greatest common divisor of m and 42.
6
Suppose -429 = -3*p - 101*w + 98*w, -725 = -5*p + 5*w. Calculate the highest common factor of p and 63.
9
Let z = 8176 - 8098. What is the greatest common divisor of z and 138?
6
Let h = 183 + -62. Let x = -33 - -38. Let f be (-20)/(-30)*(x*7 - 2). What is the highest common divis